39 a factor of 21077862?
True
Does 2056 divide 520517520?
True
Is 618 a factor of 29068248?
True
Does 406 divide 76874476?
True
Does 318 divide 227135385?
False
Is 1819003946 a multiple of 97?
True
Is 727 a factor of 33884016?
True
Does 2072 divide 33188625?
False
Is 13999340 a multiple of 502?
False
Is 342 a factor of 157041612?
True
Does 1215 divide 8044093?
False
Is 88314660 a multiple of 833?
True
Does 550 divide 6285427?
False
Is 25373474 a multiple of 98?
True
Is 22024150 a multiple of 265?
True
Is 385 a factor of 456599990?
True
Does 22 divide 209048986?
False
Is 26 a factor of 34716188?
True
Is 11 a factor of 351483?
True
Does 1562 divide 654010962?
True
Is 78 a factor of 9568650?
True
Is 44728332 a multiple of 2302?
False
Is 10410259 a multiple of 106?
False
Is 21 a factor of 377661522?
True
Is 27 a factor of 417438790?
False
Is 4 a factor of 62496105?
False
Is 2965 a factor of 58873550?
False
Is 488810102 a multiple of 22?
True
Is 72 a factor of 362049696?
True
Does 136 divide 49739552?
True
Is 347 a factor of 509251995?
True
Is 314761200 a multiple of 50?
True
Is 2853767 a multiple of 31?
True
Is 2435 a factor of 271234123?
False
Does 15 divide 298038338?
False
Is 581 a factor of 385762845?
False
Does 618 divide 128628666?
True
Is 170164964 a multiple of 2301?
False
Does 579 divide 8320717?
False
Is 41 a factor of 7323502?
True
Is 7141582 a multiple of 7?
True
Is 3870013 a multiple of 116?
False
Does 14 divide 1056978905?
False
Does 34 divide 12172138?
False
Is 7431 a factor of 252862326?
False
Does 17 divide 296219781?
True
Does 13 divide 115271?
True
Does 286 divide 59082200?
False
Is 163 a factor of 327954362?
False
Is 190685834 a multiple of 21?
False
Is 1459447 a multiple of 3?
False
Is 240700178 a multiple of 42?
False
Does 942 divide 21354363?
False
Does 2 divide 171442761?
False
Does 951 divide 2396853801?
True
Does 69 divide 5442168?
True
Does 91 divide 9063236?
True
Is 58 a factor of 334016532?
False
Is 261 a factor of 266594221?
False
Does 11 divide 2367143669?
True
Does 229 divide 380858831?
True
Does 8 divide 731210359?
False
Is 32 a factor of 990914336?
True
Is 7 a factor of 2896215?
True
Is 53704925 a multiple of 95?
True
Is 62984593 a multiple of 470?
False
Is 4547417 a multiple of 50?
False
Is 250251534 a multiple of 37?
False
Is 24706562 a multiple of 13?
False
Is 27588048 a multiple of 87?
True
Does 2758 divide 769493032?
True
Does 17 divide 547810601?
True
Is 95 a factor of 500830690?
True
Does 446 divide 61364248?
True
Is 994 a factor of 206702300?
True
Is 372 a factor of 125349864?
True
Is 47674551 a multiple of 12?
False
Does 196 divide 56443022?
False
Is 513 a factor of 66540231?
False
Is 67 a factor of 115455412?
False
Is 1497244944 a multiple of 6?
True
Does 45 divide 906975?
True
Is 80090571 a multiple of 33?
True
Is 259486532 a multiple of 76?
False
Is 20 a factor of 1222009200?
True
Is 4881647 a multiple of 371?
False
Does 79 divide 351102465?
True
Does 11 divide 4538919?
True
Does 142 divide 26921670?
False
Is 117438240 a multiple of 474?
True
Does 5 divide 20397211?
False
Does 46 divide 49019124?
False
Is 7644629 a multiple of 769?
True
Does 217 divide 55201430?
False
Is 11 a factor of 75982606?
False
Is 85205157 a multiple of 149?
False
Is 409779181 a multiple of 2?
False
Is 1331 a factor of 16253012?
False
Does 341 divide 2130465700?
True
Is 38531160 a multiple of 1944?
False
Does 57 divide 9549338?
False
Is 1728 a factor of 3058938432?
True
Is 899401865 a multiple of 103?
False
Is 2669 a factor of 232784842?
True
Is 411605766 a multiple of 453?
True
Does 1977 divide 15533289?
True
Does 238 divide 288714944?
True
Does 81 divide 20154187?
False
Is 6086 a factor of 679670977?
False
Is 57646004 a multiple of 92?
True
Is 71 a factor of 1687733829?
True
Is 120 a factor of 121750200?
True
Does 155 divide 10165545?
False
Is 405974611 a multiple of 19?
False
Is 3458529 a multiple of 26?
False
Does 9547 divide 5308217923?
True
Does 1244 divide 9545212?
True
Does 2015 divide 91080111?
False
Is 8 a factor of 25178264?
True
Is 85 a factor of 302764730?
True
Is 402 a factor of 82948507?
False
Is 212 a factor of 20988449?
False
Does 708 divide 79798243?
False
Is 8 a factor of 88510048?
True
Is 506822850 a multiple of 6?
True
Is 5080 a factor of 79028659?
False
Does 24 divide 10900862?
False
Is 15862027 a multiple of 188?
False
Is 27932686 a multiple of 13?
False
Does 21 divide 300702091?
False
Does 14 divide 16096755?
False
Is 2968524 a multiple of 9?
True
Is 17 a factor of 408802621?
True
Is 50743720 a multiple of 4?
True
Is 12817768 a multiple of 4?
True
Is 943 a factor of 35381360?
True
Is 3106849 a multiple of 119?
False
Is 22845586 a multiple of 252?
False
Is 6 a factor of 2526840?
True
Does 213 divide 282297207?
True
Does 42 divide 1502349893?
False
Does 535 divide 74541015?
True
Is 504930300 a multiple of 150?
True
Does 1008 divide 13541849?
False
Is 79 a factor of 227464937?
True
Does 508 divide 256626360?
True
Does 587 divide 884347241?
False
Is 9091581 a multiple of 37?
False
Does 13 divide 51104590?
False
Does 778 divide 40675396?
True
Does 42 divide 399113419?
False
Is 34 a factor of 12500068?
False
Is 1186 a factor of 26070652?
True
Does 2461 divide 102348068?
True
Does 11 divide 50284865?
False
Does 107 divide 281806542?
True
Is 9134 a factor of 1224239154?
True
Is 15 a factor of 307201512?
False
Is 80 a factor of 325864427?
False
Is 535676193 a multiple of 5923?
False
Is 19 a factor of 235604826?
True
Is 1673 a factor of 318046549?
False
Does 1216 divide 16419152?
False
Is 5300820 a multiple of 28?
True
Is 46033168 a multiple of 16?
True
Is 6846425 a multiple of 5?
True
Is 3223816 a multiple of 2168?
True
Is 39240760 a multiple of 1196?
True
Is 257236990 a multiple of 1151?
True
Is 116881049 a multiple of 60?
False
Is 1022 a factor of 69471774?
False
Does 77 divide 436823197?
False
Is 2404 a factor of 63687488?
False
Is 491535226 a multiple of 7?
True
Is 16461253 a multiple of 2311?
True
Does 229 divide 814618173?
False
Is 202 a factor of 2301416300?
True
Is 39 a factor of 312839904?
True
Is 557 a factor of 669171039?
False
Is 467 a factor of 17079888?
False
Is 507 a factor of 284002081?
False
Is 36 a factor of 29156292?
True
Does 110 divide 1915391451?
False
Does 22 divide 171850356?
False
Is 716 a factor of 82860532?
True
Does 26 divide 286439279?
False
Is 24885429 a multiple of 213?
True
Is 8 a factor of 570651616?
True
Is 22308018 a multiple of 49?
False
Is 101 a factor of 139998625?
True
Is 21 a factor of 139270776?
False
Is 10479639 a multiple of 13?
False
Is 187697098 a multiple of 145?
False
Does 35 divide 5144069?
False
Is 47 a factor of 59817306?
False
Does 9 divide 21389312?
False
Is 9 a factor of 182862426?
False
Is 26 a factor of 2711914062?
True
Does 34 divide 131585023?
False
Does 18 divide 22352965?
False
Does 50 divide 102449600?
True
Is 19713904 a multiple of 56?
True
Does 10 divide 254740670?
True
Is 9676785 a multiple of 3?
True
Is 21977420 a multiple of 46?
True
Is 145 a factor of 106700346?
False
Does 3 divide 52383088?
False
Is 517985493 a multiple of 57?
False
Is 74914520 a multiple of 108?
False
Does 36 divide 52814700?
True
Is 363085560 a multiple of 45?
True
Does 119 divide 1244322695?
False
Does 1254 divide 11444399?
False
Is 74993712 a multiple of 303?
True
Is 81723936 a multiple of 106?
False
Is 104 a factor of 826880354?
False
Does 172 divide 66436759?
False
Is 248 a factor of 121402909?
False
Is 11 a factor of 532968766?
True
Does 16 divide 475290743?
False
Does 4569 divide 6853500?
True
Is 391440633 a multiple of 210?
False
Does 864 divide 7357196?
False
Is 32 a factor of 17945533?
False
Does 73 divide 12469616?
False
Does 147 divide 28170006?
False
Is 201 a factor of 20562713?
False
Is 2601 a factor of 1289877516?
True
Is 29 a factor of 6755823?
False
Is 18848116 a multiple of 28?
True
Is 113059799 a multiple of 2211?
False
Does 9 divide 35314655?
False
Is 227255495 a multiple of 291?
False
Does 19 divide 5504648?
False
Does 396 divide 186155704?
False
Is 342683393 a multiple of 2151?
False
Does 23 divide 383879438?
False
Is 20715500 a multiple of 650?
True
Is 237572552 a multiple of 427?
True
Is 5206388 a multiple of 1364?
True
Is 162 a factor of 302201280?
Tr